424?
2359
What is the remainder when 128881 is divided by 60?
1
Calculate the remainder when 8279817 is divided by 1379949.
123
Calculate the remainder when 12670703 is divided by 43.
22
What is the remainder when 59960095 is divided by 11?
8
What is the remainder when 4594455 is divided by 73?
54
Calculate the remainder when 171926 is divided by 1106.
496
Calculate the remainder when 15818810 is divided by 1453.
1452
Calculate the remainder when 1868746 is divided by 121.
22
Calculate the remainder when 65794856 is divided by 3.
2
Calculate the remainder when 51364 is divided by 7334.
26
What is the remainder when 1413791859 is divided by 38?
35
Calculate the remainder when 47249953 is divided by 87.
79
Calculate the remainder when 29759339 is divided by 6958.
6931
What is the remainder when 18468697 is divided by 2638385?
2
Calculate the remainder when 129168 is divided by 2997.
297
What is the remainder when 359076 is divided by 29157?
9192
Calculate the remainder when 8546609 is divided by 12550.
59
Calculate the remainder when 3900887 is divided by 2154.
2147
Calculate the remainder when 10685929 is divided by 30795.
64
Calculate the remainder when 1158998 is divided by 781.
775
Calculate the remainder when 312539 is divided by 5581.
3
What is the remainder when 332009 is divided by 55011?
1943
Calculate the remainder when 3790286 is divided by 42.
38
What is the remainder when 93800 is divided by 3691?
1525
What is the remainder when 739709 is divided by 184905?
89
Calculate the remainder when 218414 is divided by 1400.
14
What is the remainder when 81041811 is divided by 497?
494
Calculate the remainder when 4223257 is divided by 678.
673
Calculate the remainder when 582989 is divided by 5024.
205
Calculate the remainder when 8337793 is divided by 567.
58
Calculate the remainder when 617586 is divided by 1433.
1396
What is the remainder when 992178 is divided by 889?
54
Calculate the remainder when 57939259 is divided by 78615.
4
Calculate the remainder when 899539 is divided by 99896.
475
Calculate the remainder when 507992 is divided by 10583.
8
Calculate the remainder when 11218455 is divided by 71.
29
Calculate the remainder when 56145300 is divided by 19.
15
Calculate the remainder when 750970 is divided by 187646.
386
Calculate the remainder when 10054554 is divided by 929.
916
Calculate the remainder when 1571239 is divided by 254.
249
What is the remainder when 1937518 is divided by 641?
416
Calculate the remainder when 1408740 is divided by 10.
0
What is the remainder when 38579222 is divided by 2459?
2430
What is the remainder when 140182626 is divided by 1896?
1866
What is the remainder when 622157 is divided by 7151?
20
What is the remainder when 110199607 is divided by 229?
227
What is the remainder when 3094533 is divided by 347?
334
What is the remainder when 6554274 is divided by 485?
469
Calculate the remainder when 2579273 is divided by 859605.
458
Calculate the remainder when 4824239 is divided by 1281.
1274
What is the remainder when 20530728 is divided by 2053071?
18
Calculate the remainder when 826064 is divided by 275347.
23
Calculate the remainder when 15171409 is divided by 19253.
45
Calculate the remainder when 3811127 is divided by 9387.
5
What is the remainder when 1011620 is divided by 7332?
7136
What is the remainder when 380664 is divided by 564?
528
Calculate the remainder when 1266504 is divided by 439.
428
Calculate the remainder when 1103712 is divided by 4312.
4152
What is the remainder when 39820544 is divided by 135?
134
What is the remainder when 1359363 is divided by 273?
96
Calculate the remainder when 2354163 is divided by 43.
42
What is the remainder when 6659127 is divided by 427?
62
Calculate the remainder when 710655 is divided by 1752.
1095
What is the remainder when 1677434 is divided by 3345?
1589
Calculate the remainder when 48116759 is divided by 1373.
1347
Calculate the remainder when 15512847 is divided by 82.
5
Calculate the remainder when 472990 is divided by 157626.
112
Calculate the remainder when 6689024 is divided by 1672252.
16
What is the remainder when 107430235 is divided by 3961?
3954
Calculate the remainder when 78160 is divided by 447.
382
Calculate the remainder when 375949 is divided by 52606.
7707
What is the remainder when 20912710 is divided by 1977?
4
Calculate the remainder when 7366586 is divided by 526180.
66
Calculate the remainder when 62501 is divided by 170.
111
What is the remainder when 46624268 is divided by 70?
68
What is the remainder when 6589882 is divided by 227237?
9
Calculate the remainder when 10729 is divided by 2499.
733
Calculate the remainder when 26392 is divided by 282.
166
What is the remainder when 216343 is divided by 12610?
1973
Calculate the remainder when 78325 is divided by 3558.
49
What is the remainder when 3336826 is divided by 558?
544
What is the remainder when 30223 is divided by 779?
621
Calculate the remainder when 5259954 is divided by 1047.
873
What is the remainder when 1177651 is divided by 587?
129
Calculate the remainder when 41561 is divided by 392.
9
Calculate the remainder when 26330980 is divided by 14604.
14572
What is the remainder when 270322863 is divided by 4482?
4479
Calculate the remainder when 515567 is divided by 2565.
2
What is the remainder when 453652 is divided by 453639?
13
What is the remainder when 838832 is divided by 9320?
32
What is the remainder when 21817 is divided by 2041?
1407
Calculate the remainder when 1000275 is divided by 37046.
33
Calculate the remainder when 158688 is divided by 148.
32
What is the remainder when 1131815 is divided by 554?
547
Calculate the remainder when 2067432 is divided by 54.
42
What is the remainder when 7787061 is divided by 23?
20
Calculate the remainder when 104422866 is divided by 26105714.
10
What is the remainder when 2041175 is divided by 213?
209
Calculate the remainder when 14535174 is divided by 7267584.
6
Calculate the remainder when 2261957 is divided by 128.
69
What is the remainder when 391143 is divided by 43460?
3
Calculate the remainder when 63189359 is divided by 2236.
2235
Calculate the remainder when 2533903 is divided by 361.
44
What is the remainder when 76215 is divided by 25350?
165
What is the remainder when 2014529 is divided by 4447?
38
What is the remainder when 80653 is divided by 16008?
613
Calculate the remainder when 1148058 is divided by 16.
10
What is the remainder when 41349 is divided by 5898?
63
What is the remainder when 166656997 is divided by 881?
870
What is the remainder when 191116 is divided by 95052?
1012
Calculate the remainder when 1056650 is divided by 3453.
32
What is the remainder when 1275639 is divided by 349?
44
What is the remainder when 23552 is divided by 880?
672
What is the remainder when 27213322 is divided by 484?
422
What is the remainder when 145583 is divided by 48261?
800
What is the remainder when 317824 is divided by 79429?
108
What is the remainder when 397086152 is divided by 4029?
4028
What is the remainder when 35274222 is divided by 217?
4
What is the remainder when 1063086 is divided by 265741?
122
What is the remainder when 455608 is divided by 1121?
482
Calculate the remainder when 20991 is divided by 10369.
253
Calculate the remainder when 10055070 is divided by 2513763.
18
Calculate the remainder when 33224165 is divided by 4321.
4317
Calculate the remainder when 458743 is divided by 12386.
461
What is the remainder when 44880046 is divided by 12?
10
Calculate the remainder when 3555740 is divided by 46786.
4
What is the remainder when 862400 is divided by 1201?
82
What is the remainder when 29116 is divided by 14217?
682
What is the remainder when 5241787 is divided by 1187?
1182
Calculate the remainder when 520898223 is divided by 11.
10
Calculate the remainder when 556788764 is divided by 93.
89
What is the remainder when 3901026 is divided by 4944?
210
What is the remainder when 7321852 is divided by 4023?
4015
Calculate the remainder when 1175975 is divided by 35632.
119
What is the remainder when 7670872 is divided by 150?
22
What is the remainder when 3912661 is divided by 3313?
8
Calculate the remainder when 19157 is divided by 7552.
4053
What is the remainder when 186577 is di